 composite?
False
Suppose 1826196 + 2672608 + 234568 = 28*x. Is x a prime number?
True
Let a(n) be the third derivative of 17*n**2 + 0*n + 0 + 1/120*n**6 - 7/2*n**3 + 1/8*n**4 + 13/60*n**5. Is a(-10) a prime number?
False
Suppose -371111 = -3*d + 4*i, 4*d - i = -224877 + 719683. Is d a composite number?
False
Is (13 - 12 - -203865) + 21 a prime number?
False
Is 3 - (1 + -499107) - 10 a prime number?
True
Is ((-2131730)/30)/(4 + (-52)/12) prime?
True
Let r(s) = 7*s - 24. Let i be r(4). Suppose 3*b + i*y + 36 = 3*y, b + 5*y + 26 = 0. Is 4873/b*-1*(0 - -1) prime?
True
Let i(q) = -q**2 - 13*q + 30. Let f be i(-15). Suppose f = 7*l - 62 + 356. Is (-12754)/l - (-4)/(-6) a composite number?
True
Suppose -1046116 = -55*y + 71649. Is y a prime number?
True
Is 15 + (0/(-13) - -182600) a composite number?
True
Let d(c) = -4*c**3 + 9*c**2 + 7*c - 9. Let o be d(-7). Let n(g) = -o - 644*g + 1755 + 103*g. Is n(-1) prime?
True
Let h(v) = 246*v + 10. Let p be h(6). Let t be (230/30)/((-3)/171). Let o = p + t. Is o a prime number?
True
Let o be 0 - (1 - -1) - -6. Let a(u) = u**3 + 31*u**2 + 54*u + 5. Let x be a(-29). Suppose o*t - p = 1584, 5*p + x = -t + 538. Is t prime?
True
Let n(v) = -152*v**2 - 19*v - 39. Let g be n(-17). Is (0 - (-3)/(-9))*g/4 composite?
False
Let q be 2314089/3 + 3 - -8. Suppose -22*d = -q + 83192. Is d prime?
False
Suppose -2*g - 4053141 = -5*g - 4*x, -5*x = -g + 1351047. Is g a prime number?
False
Let n = 12553 + -3534. Is n a composite number?
True
Let g = -50 - -50. Suppose 0 = z, g*z - 2*z = -2*c + 4. Is -1385*c/(-8) + 15/20 prime?
True
Let t be (-2)/(-14) - (-97111)/49. Let v = t - 1087. Is v a composite number?
True
Let m = -50 + 52. Let y be m*5/10 - -44. Let o = y - -172. Is o composite?
True
Let j = 56 - 59. Is (886/4)/(j/(-6)) a composite number?
False
Let d(x) = 2*x + 23. Let w be d(-10). Is -358*22*w/(-12) composite?
True
Let m = 754 - 748. Suppose -10647 = m*z - 140853. Is z a prime number?
True
Let r(t) = -t - 16. Let m be r(-8). Let u be -5 - m - 16/4. Is (-361)/(2*u - (-4 + 3)) a prime number?
False
Suppose -109*y + 60203080 = -23449734 - 31489009. Is y composite?
False
Let i = -214771 - -361080. Is i a composite number?
False
Suppose -2*o + 37 = 31. Suppose 6*n + 4*r = n + 15, -o*r = 0. Suppose -5*v - 5 = -10, n*u + 4*v - 826 = 0. Is u prime?
False
Suppose 0 = -12*h - 13*h + 300. Suppose -22*c + 157460 = -h*c. Is c composite?
True
Suppose -2*q - 42 - 20 = 0. Let t = q + 1. Is (t/40)/(2/(-184)) a composite number?
True
Let b be -4 + 7 + -2 + -1. Suppose b = a - 11 + 6. Suppose l - 1071 = -4*i, -2*l + 802 = a*i - 1337. Is l a prime number?
False
Let v = 72144 - 27673. Is v composite?
True
Suppose -4*z - 3*u = -0*u + 4, 0 = z + 2*u + 6. Suppose 0 = z*s + 2, 83 = i - 2*s - 224. Is (-2)/(i/307 - 1) composite?
False
Let b(l) = 23*l**2 + 12*l - 19. Suppose 4*f = -12, -d - 4*f - 2 = 4*d. Suppose 19 = -d*v + t, 0 = 2*t + 3*t - 15. Is b(v) a prime number?
False
Let v be 3*-1 - (-1 - -34 - 4). Let m = -29 - v. Suppose -m*t + 2*t + 3*f + 394 = 0, 2*f - 1902 = -5*t. Is t composite?
True
Suppose 0*t + 5*t - 12 = -4*d, 20 = 4*t - 2*d. Suppose 0 = -t*q + 153 - 2557. Let c = q + 1290. Is c a prime number?
False
Let w(k) = 192*k**2 + 5*k - 25. Let g = 343 + -339. Is w(g) prime?
True
Suppose -349*w + 17149526 = -5530816 - 17806799. Is w prime?
True
Suppose 0 = 2*x - 2*a + 22, 5*x + 55 = -0*x - 2*a. Is x/((-330)/(-24)) - 291945/(-25) composite?
False
Is (-48 + 49)/((-7)/(-7986671)) composite?
True
Suppose -2*u = -7*u - 11730. Let s = -1029 - u. Suppose 2*n - s = -r, r = -3*r - 3*n + 5273. Is r composite?
False
Suppose 528*a + 20944404 = 564*a. Is a composite?
True
Suppose -q + 3*d = -6 - 2, 3*q - 3*d = 0. Let k(x) = 12*x**2 - 99*x + 14. Let n be k(11). Let y = n - q. Is y composite?
True
Let c(b) = -b**3 + 18*b**2 - 19*b + 24. Let n be c(17). Let l be 3/(-2) + 5/n. Is (418/l + -2)/((-2)/6) prime?
False
Let v be 209/(-55) - 2/10. Let c(x) = 8*x**2 - 4 + 7*x**2 + 7*x**2 - 7*x + 5. Is c(v) composite?
True
Suppose -5*c + 1410 = -1210. Let x be (-10)/(1668/186 + -9). Suppose 0 = -6*t + c + x. Is t prime?
True
Let h(u) = 954*u**2 + 49*u - 246. Is h(11) composite?
False
Is (1/8*5)/(585/468)*35314 a prime number?
True
Let r(m) = -18*m**3 + 3*m**2 - 4*m - 23. Let y = -85 + 82. Is r(y) a composite number?
True
Let g(x) be the third derivative of -x**7/15 + x**6/144 - 9*x**5/20 - 20*x**2. Let s(p) be the third derivative of g(p). Is s(-2) prime?
True
Let o = -30 - -29. Let d be o/(((-1)/(-122))/((-120)/16)). Suppose c + 4*r = d, -2199 = -5*c + 3*r + 2330. Is c a prime number?
True
Suppose 6*y - g + 6 = 4*y, 0 = -g. Is (y + 4)*(-406062)/(-18) a composite number?
True
Suppose -2988693 - 79531 = -64*u. Is u a prime number?
False
Suppose u - 18888 = -y, u - 64*y - 18874 = -67*y. Is u composite?
True
Suppose 58*p = -229*p + 34612487. Is p a composite number?
True
Suppose -5*g + 35 = 10. Let t(x) = -94*x**2 + 66*x + 31. Let i(f) = 18*f**2 - 13*f - 6. Let m(q) = 11*i(q) + 2*t(q). Is m(g) a prime number?
True
Suppose 6*f - 3*f - 20400 = 0. Suppose -14*i = -f - 115742. Is i prime?
True
Suppose -t = -5*k + 22, t - 24 = -3*k - 2*t. Suppose 5*w = 2*w + k*w. Suppose w = -2*h + 8*h - 330. Is h prime?
False
Let j = -21433 + 14859. Let y = -2837 - j. Is y a prime number?
False
Let q be (-3)/(-6) + 21/6. Suppose 6*s - 2 = q*s. Is (107 - s)*3/6 composite?
False
Let m be 6/(-3)*(-182259)/22. Let g = -11492 + m. Is g a prime number?
True
Let g(d) = -3062*d. Let o be g(-1). Suppose -o + 19772 = 15*u. Is u a composite number?
True
Let d = 24 + -96. Is ((-66)/d*8)/(2/633) composite?
True
Let l(i) = -34840*i - 5485. Is l(-23) a composite number?
True
Let r(d) = -4079*d - 21. Let j be r(-4). Let z = j + -8926. Is z a prime number?
True
Let a be (-53)/(5/(-10)*2). Let z = a - -254. Is z composite?
False
Let s(k) = 7013*k + 73. Let j be s(-9). Let n = j - -120175. Is n prime?
True
Let b = 93 + 221. Let r be (25 + -19)*2/((-4)/(-9)). Let h = b - r. Is h a composite number?
True
Let j be 43/(-9)*-1 - (-6)/27. Suppose -3*z - j*q = -319249 - 502404, 4*z = q + 1095499. Is (-4)/6 - z/(-36) a prime number?
True
Suppose 0 = -2*c + c + v + 182, v = -3*c + 542. Suppose 182 = -179*m + c*m. Is m a prime number?
False
Let l(b) = 2*b**3 + 2*b**2 - 9*b + 8. Let t be l(1). Suppose -t*c = 3*k - 6626 + 935, -4*k = 5*c - 7584. Is k a composite number?
False
Let u(v) = -90*v + 18. Let x be u(-8). Let f = x + 2453. Is f a composite number?
False
Let k(z) = z**2 + 38*z - 37. Let d be k(-39). Is 8993 + -2*(d + -5) a composite number?
False
Let j(y) = -y**3 - 4*y**2 - 5*y - 10. Let a be j(-3). Is 16/a + 16022 + -9 composite?
True
Is 1*-5 - -2*(1516 - 4) composite?
False
Let w(q) = q**3 + 84*q**2 - 71*q - 633. Is w(-82) a prime number?
True
Let m be (0 + -1)/2*-396. Suppose -2*r = -5*r + m. Suppose 596 = 2*y - r. Is y prime?
True
Let f be ((-4)/10)/((-7)/(-70)). Is f/3 + (-71949)/(-9) prime?
True
Let w(x) = 33*x**2 - 17*x + 49. Let y = -508 - -513. Is w(y) composite?
True
Let w be (5/30*3)/((-2)/(-18456)). Let l = w + 2143. Is l a prime number?
False
Let u = -226 - -241. Let t(v) = 19*v**2 - 6*v - 82. Is t(u) composite?
True
Suppose -5*o + 251035 = 30*i - 28*i, 0 = 2*o + 12*i - 100414. Is o composite?
False
Suppose 1663 = 5*t - 145372. Is t a prime number?
False
Let v(o) = -183*o - 1322. Is v(-40) a prime number?
False
Let h = 48665 - 31993. Suppose 258197 - h = 25*x. Is x a prime number?
True
Let m = -26 + 49. Suppose 7*v - 5 = m. Suppose v*z - 8*z + 5444 = 0. Is z a composite number?
False
Suppose 2*y + 57 = -0*w - 3*w, 2*y = 2*w + 48. Let m = w + 20. Is 335 - (-4)/(m + 0) a composite number?
False
Let l = -53000 + 85595. Suppose 0 = 4*c - l - 8249. Is c a composite number?
False
Let d be (-10)/10 + (-2 - 2). Let n be d/(-20) - (-7)/4. Suppose 506 = 4*o + n*c, 2*o - c - 255 = -0*c. Is o composite?
False
Let m(r) = -12*r**2 + 17*r + 11. Let a(s) = -14*s**2 + 17*s + 12. Let h(y) = 4*a(y) - 5*m(y). Let z(l) = 5*l**2 + 3*l + 2. Let t be z(-2). Is h(t) prime?
False
Suppose 2*v = -2*i + 3136486, -54*i + 50*i = v - 1568261. Is v prime?
False
Suppose 3*c = 3*u - 0*u - 15, 5*u = -5*c + 15. Suppose 5 = u*f - 3. Suppose f*h + 3*h + 2*a - 89 = 0, 0 = -2*a - 6. Is h composite?
False
Suppose 1616293 = 51*n +